) to base 10.
-668
-3724 (base 9) to base 11
-20a4
Convert -270 (base 9) to base 2.
-11100001
Convert 4506 (base 10) to base 4.
1012122
-1132 (base 13) to base 2
-100101100111
Convert 4318 (base 11) to base 2.
1011001001010
2a8 (base 11) to base 2
101101000
Convert 1401 (base 11) to base 10.
1816
What is 5105 (base 6) in base 8?
2141
What is 63241 (base 7) in base 9?
23311
a92 (base 13) to base 9
2430
120340 (base 6) to base 3
112101220
408 (base 9) to base 15
172
What is 18567 (base 9) in base 11?
9730
What is 6a39 (base 14) in base 5?
1042400
Convert -24070 (base 8) to base 5.
-312141
-640 (base 8) to base 7
-1133
Convert 756 (base 8) to base 14.
274
What is -2a2 (base 12) in base 7?
-1124
What is 15606 (base 7) in base 13?
2019
-1d8b (base 14) to base 8
-12447
3a90a (base 11) to base 14
17388
-356 (base 10) to base 11
-2a4
Convert 1505 (base 7) to base 11.
49a
Convert -456 (base 15) to base 13.
-5a6
Convert 1021112 (base 3) to base 14.
4a8
What is -9a03 (base 12) in base 10?
-16995
a97f (base 16) to base 4
22211333
Convert 214232 (base 7) to base 3.
1220110012
Convert -3198 (base 10) to base 5.
-100243
What is 11 (base 9) in base 4?
22
What is 110000 (base 2) in base 7?
66
-14695 (base 11) to base 6
-240135
-2391 (base 10) to base 9
-3246
37b (base 12) to base 3
201112
Convert 10130 (base 4) to base 3.
101112
-100210 (base 3) to base 6
-1120
140 (base 16) to base 11
271
Convert 1337a (base 12) to base 15.
7c81
Convert 45153 (base 6) to base 10.
6333
10100 (base 4) to base 3
101002
What is -143 (base 16) in base 2?
-101000011
What is 223252 (base 7) in base 16?
9a9c
Convert c4dc (base 16) to base 2.
1100010011011100
Convert -27367 (base 9) to base 7.
-105010
What is 546 (base 10) in base 9?
666
1515 (base 6) to base 16
197
-34522 (base 6) to base 4
-1031102
-39375 (base 10) to base 14
-104c7
1baa (base 13) to base 9
5672
What is -118610 (base 9) in base 10?
-71937
616 (base 9) to base 10
501
Convert 13331 (base 4) to base 5.
4014
What is 100011 (base 2) in base 3?
1022
Convert 1430 (base 7) to base 16.
230
5748 (base 11) to base 2
1110110000010
Convert 4442 (base 7) to base 14.
822
-153a3 (base 11) to base 15
-66b7
What is 24242 (base 6) in base 2?
110111100010
What is 3034 (base 6) in base 15?
2ea
Convert 142630 (base 7) to base 3.
1101121021
Convert -2120131 (base 4) to base 10.
-9757
Convert -101101011 (base 2) to base 5.
-2423
Convert -301322 (base 4) to base 5.
-100234
Convert 303 (base 9) to base 7.
501
What is -24162 (base 13) in base 12?
-32353
What is -1323 (base 6) in base 5?
-2324
Convert 5c82 (base 16) to base 8.
56202
Convert 3133000 (base 4) to base 5.
424042
-11320 (base 8) to base 9
-6541
Convert -23310301 (base 4) to base 16.
-bd31
What is 4b0 (base 12) in base 11?
594
Convert 110110010 (base 2) to base 7.
1160
Convert 214 (base 11) to base 8.
401
What is 202213 (base 4) in base 10?
2215
Convert 722 (base 12) to base 8.
2012
Convert 1b69 (base 13) to base 12.
2493
What is 11533 (base 7) in base 4?
233011
153 (base 11) to base 12
12b
What is -1654 (base 12) in base 10?
-2656
What is -1146 (base 8) in base 7?
-1535
Convert -92a (base 12) to base 7.
-3610
What is 14244 (base 6) in base 2?
100011010100
-11b6 (base 12) to base 11
-1568
Convert -5a8 (base 15) to base 11.
-a67
What is -372 (base 8) in base 3?
-100021
-201122 (base 3) to base 15
-255
-197 (base 11) to base 9
-272
293 (base 15) to base 13
363
111000100 (base 2) to base 4
13010
31540 (base 6) to base 13
1c65
Convert -223 (base 7) to base 4.
-1303
What is 140140 (base 6) in base 13?
5c07
What is -2021022 (base 3) in base 11?
-1275
-6161 (base 14) to base 11
-11643
-331 (base 11) to base 3
-112201
-4020003 (base 5) to base 16
-f909
-4ba (base 13) to base 9
-1121
What is 1133 (base 11) in base 8?
2720
-100000101 (base 2) to base 7
-522
Convert 2 (base 14) to base 3.
2
Convert 223521 (base 7) to base 5.
2232310
What is -100101111101 (base 2) in base 10?
-2429
What is 104436 (base 7) in base 9?
27216
What is -837 (base 13) in base 8?
-2566
What is 10127 (base 8) in base 10?
4183
Convert 134 (base 9) to base 5.
422
-110103 (base 4) to base 11
-a81
What is e09 (base 15) in base 13?
1590
Convert -4e4 (base 16) to base 3.
-1201101
Convert 296 (base 11) to base 2.
101011011
What is -5945 (base 13) in base 7?
-51425
What is 45523 (base 6) in base 5?
201314
-6122 (base 11) to base 8
-17703
Convert -2325 (base 7) to base 5.
-11402
Convert -1019 (base 12) to base 13.
-a47
Convert -124 (base 12) to base 15.
-b7
What is -703 (base 8) in base 2?
-111000011
27605 (base 10) to base 6
331445
What is cc1 (base 14) in base 12?
1561
What is 43 (base 10) in base 11?
3a
Convert 20837 (base 9) to base 16.
35ec
What is 1000000010 (base 2) in base 5?
4024
10156 (base 12) to base 3
1001201210
Convert 23822 (base 11) to base 7.
201622
Convert -1121 (base 9) to base 10.
-829
What is 5434 (base 13) in base 8?
26670
Convert e9b (base 15) to base 5.
101141
Convert -3318 (base 11) to base 12.
-2647
Convert 100100110010 (base 2) to base 6.
14522
Convert 1221143 (base 5) to base 3.
1011221220
3020332 (base 4) to base 13
5b15
What is -11020 (base 5) in base 11?
-631
What is -103 (base 15) in base 2?
-11100100
Convert -430 (base 9) to base 12.
-253
What is -1000101 (base 2) in base 16?
-45
What is -104a (base 11) in base 2?
-10101101001
What is -10010011101011 (base 2) in base 7?
-36361
What is -2fdf (base 16) in base 12?
-7113
-2166 (base 13) to base 10
-4647
-1133 (base 8) to base 4
-21123
-202111 (base 3) to base 7
-1420
103031 (base 4) to base 2
10011001101
What is 13300 (base 4) in base 8?
760
Convert -8b9b (base 15) to base 12.
-15185
Convert 1211001 (base 4) to base 7.
24564
Convert 160431 (base 7) to base 11.
21684
13046 (base 15) to base 6
1145320
What is 28c9 (base 13) in base 3?
22002221
Convert -255 (base 9) to base 3.
-21212
Convert -ede (base 15) to base 16.
-d1f
What is -10111100 (base 2) in base 11?
-161
-1121221 (base 3) to base 12
-82a
What is 13034 (base 5) in base 12?
70b
What is 10c (base 16) in base 14?
152
What is -10035 (base 6) in base 14?
-6a3
111331 (base 5) to base 11
2a86
What is 1491 (base 15) in base 14?
1871
What is -1aa73 (base 11) in base 7?
-151152
What is 523 (base 8) in base 9?
416
Convert 23800 (base 10) to base 4.
11303320
What is 1b6 (base 13) in base 14?
18a
What is 1e2 (base 15) in base 12?
305
83a1 (base 16) to base 2
1000001110100001
142 (base 11) to base 4
2213
What is 59 (base 11) in base 12?
54
-20233 (base 5) to base 14
-6a2
What is 1122211120 (base 3) in base 10?
32685
What is -1011b (base 12) in base 11?
-14783
-2b33 (base 13) to base 2
-1100010010111
Convert -7914 (base 12) to base 7.
-54043
Convert 2810 (base 9) to base 16.
843
110 (base 5) to base 13
24
What is -384 (base 9) in base 10?
-319
What is 24c (base 13) in base 2?
110010010
What is -1523 (base 8) in base 7?
-2324
b96 (base 14) to base 13
1070
What is -105 (base 13) in base 16?
-ae
-246 (base 9) to base 4
-3030
What is 111201 (base 3) in base 4?
11302
What is -1410 (base 5) in base 8?
-346
73264 (base 9) to base 6
1011434
-52355 (base 7) to base 11
-9748
Convert -8b50 (base 13) to base 11.
-13718
Convert aa2 (base 13) to base 4.
130132
258 (base 10) to base 15
123
Convert 15651 (base 11) to base 6.
250114
What is -a42 (base 13) in base 12?
-1014
What is 1b7 (base 16) in base 10?
439
What is -1001210 (base 3) in base 15?
-36c
-2011 (base 12) to base 11
-2674
What is 102241 (base 6) in base 11?
6270
What is -2102220 (base 3) in base 10?
-1779
What is 33608 (base 9) in base 5?
1203424
What is 1c0 (base 14) in base 8?
554
What is -24112 (base 5) in base 4?
-123312
What is -618 (base 10) in base 15?
-2b3
What is -1320 (base 9) in base 15?
-460
What is -21002121 (base 3) in base 16?
-1435
-10b (base 15) to base 16
-ec
Convert -155 (base 8) to base 6.
-301
What is 1101000001000 (base 2) in base 9?
10124
Convert 17403 (base 8) to base 11.
5a68
41254 (base 6) to base 14
2014
What is 2012200221 (base 3) in base 8?
125002
What is 6213 (base 8) in base 13?
1600
What is 100220 (base 4) in base 9?
1412
-22 (base 12) to base 11
-24
Convert 387 (base 11) to base 12.
322
Convert 8b1 (base 13) to base 15.
69b
30231 (base 4) to base 3
1010010
-122212 (base 5) to base 13
-2192
What is d06d (base 15) in base 16